) = a**2 + 8*a + 9. Let v be x(-7). Suppose 2*d - p = 601, p = -d + v*p + 298. Let r = 70 + d. Is r prime?
True
Suppose 116260 - 485008 = -36*m. Is m a composite number?
False
Let g(t) = t - 3. Suppose 0*h = -h + 4. Let o be g(h). Is o/2*11*6 a prime number?
False
Suppose -2*p - j + 8651 = 0, j = -5*p + 7492 + 14140. Is p composite?
False
Let d be (-5 - 8/20)*-15. Let s = 50 + d. Is s a composite number?
False
Let w(y) = 895*y + 151. Is w(24) composite?
True
Suppose 16*d = 5*d - 33. Is 82317/18 - d/(-18) composite?
True
Let n(s) = 2*s**2 + 50*s + 82. Is n(-34) a composite number?
True
Let x(u) = -32*u**3 + 2*u + 1. Let c be x(-1). Suppose 4*n - 61 = c. Is n a prime number?
True
Let k(y) = -23*y**3 - y**2 - 7*y + 16. Is k(-5) prime?
False
Suppose 40 = 3*a - a. Suppose -w = 4*w - a. Is 410/w - 3/(-6) a composite number?
False
Suppose -36*m = -37*m + 46571. Is m composite?
True
Suppose 879 = l - 0*j + j, 3*j = -l + 883. Is l a composite number?
False
Suppose -3*t + 0 = b - 9, 5*t - 13 = -b. Suppose b*x + 46 = 1339. Is x prime?
True
Let a(u) = -u + 9. Let x be 10/(-70) - 100/(-14). Let s be a(x). Suppose 15 = 5*h, -2*h + 4*h - 24 = -s*i. Is i a composite number?
True
Suppose 0 = 7*t - 3366 - 7729. Is t a composite number?
True
Let u = -160 - -163. Suppose 5*r + u = 4*r, n - 2*r = 907. Is n prime?
False
Let h(n) = -n**3 - 9*n**2 - 15*n - 2. Let c be h(-7). Suppose -2*a = -0*a - 4. Suppose -k = c*d - 1243, 2*k = d - a*k - 257. Is d a composite number?
True
Suppose 2*c + 2*l - 238 = 0, 3*l = -2*c - 0*c + 234. Let g = 262 - c. Is g a prime number?
True
Let b = -44 - -43. Let z(k) = 157*k**3 + k**2 - k + 2. Let u(j) = -156*j**3 - j**2 + 2*j - 3. Let t(x) = -2*u(x) - 3*z(x). Is t(b) a prime number?
False
Suppose -3426 = 67*f - 73*f. Is f prime?
True
Let j be (-1 - -1) + -5 - -4. Let k be 4/j - (-1 - 3). Suppose -69 = -4*l + 3*y, k = -l - l + 4*y + 22. Is l prime?
False
Let y = -164680 - -230561. Is y prime?
True
Let q(m) = m**2 - 3*m - 2. Let n be q(0). Let c(d) = -155*d**3 - d**2 - 2*d + 1. Is c(n) a composite number?
True
Suppose -5*v - 15432 = -8*k + 4*k, 12 = 3*v. Is k composite?
False
Let f = 15 + -13. Let y be (-32)/(-56)*7/f. Let v(p) = 7*p**3 + 3*p**2 - 2*p + 1. Is v(y) a composite number?
True
Let z(d) = d**3 + 6*d**2 - 5*d + 5. Let q(x) = -x**3 - 9*x**2 - 8*x - 6. Suppose 5*n + 5*r = -20, -2*n + n = -r + 12. Let k be q(n). Is z(k) a prime number?
False
Let d(a) = 61*a**3 + 2*a**2 + 5*a - 1. Is d(8) composite?
True
Suppose 2*o = -z + 5201, -2*o - 2*o + 26005 = 5*z. Is z composite?
True
Let c(y) = 8*y**2 + 5*y - 26. Let m = -61 + 69. Is c(m) a prime number?
False
Suppose 4*m = n - 4174, -n - 3*m + 0*m + 4160 = 0. Is n a prime number?
False
Let l(k) = -k**2 - 5*k - 4. Let d be l(-5). Let o(v) = v + 7. Let x be o(d). Suppose 8*m - 3745 = -5*a + 3*m, -x*a = -4*m - 2219. Is a a composite number?
True
Let o = 17 + -15. Suppose 524 = o*a - 2508. Suppose 0 = 6*z - 2*z - a. Is z prime?
True
Suppose -c + 7043 = j, 3*c - 7*c + 16 = 0. Is j a composite number?
False
Let f(g) = 11 - 16 - 3*g**3 - 9*g**2 + 0*g**3 - 9*g. Is f(-8) a prime number?
False
Let a = -4 - -6. Let x be (-9)/18 - a/(-4). Is (x - 1)/((-3)/393) a prime number?
True
Let j(p) = -6670*p**3 + p**2 + 10*p + 10. Is j(-1) a prime number?
False
Suppose 0 = -412*z + 421*z - 37755. Is z prime?
False
Suppose -4*g - 2*w - 2397 + 715 = 0, 0 = -g + w - 419. Let r = g + 718. Is r a prime number?
False
Is 6222 + 0 + (13 - 17) composite?
True
Let h be 6/57 - (-389589)/57. Suppose 3*v + h = 5*x, 2*x - 2*v = 2924 - 190. Is x composite?
False
Let s = -10063 - -21266. Is s prime?
False
Let h(n) = -416*n - 21. Is h(-32) a prime number?
True
Is (-7)/(-7)*-1 - -5028 a composite number?
True
Is (5/(-15))/(4/(-99732)) a prime number?
True
Suppose -g - 4*q = 2*g + 14, 3*g - 26 = 4*q. Suppose -4 = -g*c, k - 547 = c + 4*c. Is k prime?
True
Let m(t) = -9*t**3 - 2*t**2 - 2*t - 3. Let n(d) = d**3 - d + 1. Suppose 0 = 3*r - 1 - 2. Let k(s) = r*m(s) + n(s). Is k(-3) a prime number?
False
Let r(h) = 2*h**3 + 2*h**2 + 3*h + 9491. Is r(0) a composite number?
False
Let x = -2 + -47. Let h = x - -64. Is h a prime number?
False
Let f = -49 + 41. Let u(l) = -56*l - 9. Is u(f) a prime number?
True
Let n(u) = -733*u + 2. Let m = 51 - 60. Is n(m) a composite number?
False
Suppose 2*v + 5*p = 6621, 3*p + 0*p = -3*v + 9945. Let x = 2155 - v. Let d = 2002 + x. Is d prime?
True
Suppose -5*s + 108184 = 3*s. Is s prime?
True
Let v(g) = -1322*g**3 + 3*g**2 + 2*g + 5. Is v(-2) a composite number?
False
Let r(i) = 308*i**2 - 1. Let y = -1 + 0. Is r(y) composite?
False
Let s(d) = -238*d**2 + 7*d + 4. Let o(f) = 237*f**2 - 7*f - 2. Let k(r) = -2*o(r) - 3*s(r). Is k(-1) prime?
True
Let t = 2393 + -266. Is t composite?
True
Suppose -3*p - 5*n = -8303, 0 = 2*p + 2*n + 277 - 5815. Is p a composite number?
True
Let i = -21 + 14. Let a(o) = -2*o**3 + o**2 - 8*o + 6. Is a(i) composite?
False
Suppose 51*j + 443313 = 1652166. Is j prime?
False
Suppose 6*b - 8435 = 5*b + 4*t, -4 = t. Is b a composite number?
False
Let h(v) = -v**3 + 4*v**2 - 2*v - 2. Let r(m) = m - 4. Let x be r(7). Let k be h(x). Is 0/10 + 993/k a composite number?
True
Suppose -8*d = -11*d + 21. Suppose 3*y - 11 - d = 0. Suppose y*m = m + 665. Is m a prime number?
False
Let q(g) = 9*g**2 + 5*g + 3. Suppose 5 = -5*c - 0. Is q(c) a composite number?
False
Suppose -85*l + 90*l = 81665. Is l prime?
True
Suppose -16 = -2*v - 2*v. Let y(o) = -o**2 + 12*o + 13. Let f be y(13). Suppose f = -2*g + v*g - 44. Is g a composite number?
True
Let w be ((-55)/33)/((-3)/9). Suppose -4*g = 5*d - 5059, -w*g - 3*d = -6*d - 6370. Is g prime?
False
Let d(b) = -21*b**3 - 14*b**2 - 48*b - 12. Is d(-5) a prime number?
True
Suppose -81621 + 23289 = -12*z. Is z a prime number?
True
Let f = -7375 - -10448. Is f a prime number?
False
Let v(k) = 3962*k + 5. Is v(1) a composite number?
False
Let i = 505 - 162. Let l = -138 + i. Let p = 323 - l. Is p composite?
True
Suppose 5 - 15 = -2*x. Suppose -967 = 5*m - 0*z - 3*z, 0 = -x*z - 5. Let w = -129 - m. Is w composite?
True
Let b = -7 - -3. Let f(s) = -3*s + 1. Let y(o) = -7*o**2 + 8*o + 5. Let k(i) = -2*f(i) - y(i). Is k(b) prime?
True
Suppose -35*m + 111433 = -30*m + 4*f, 5*f - 44580 = -2*m. Is m composite?
True
Let i(s) = -2*s**2 - s - 2. Let c be i(2). Let l = 34 + -40. Is c/(-9) - 778/l a composite number?
False
Let w(o) be the first derivative of -o**3/3 - o**2 + 15*o - 7. Let y be w(-17). Let u = y - -598. Is u prime?
False
Suppose n + 2*n - 1482 = -3*c, 3*n = 5*c + 1458. Is n composite?
False
Suppose -5*p = -0*p + d + 3135, -5*d - 1859 = 3*p. Is -5 - 0 - -8 - p a composite number?
False
Let d(f) = f**2 - 4*f - 20. Let j = -14 - -29. Is d(j) a composite number?
True
Suppose -2*f = f - 6. Let c(r) be the first derivative of 83*r**3/3 - r + 78. Is c(f) a prime number?
True
Let v = 33429 - -5621. Is (v/5)/5 - 3 composite?
False
Suppose 4*l - 28 = j, 0 = -4*l + 2*j - 7 + 31. Is 83/((-4)/l*-2) a prime number?
True
Let q(c) = -158*c - 191. Is q(-29) a composite number?
False
Let z(t) = -25*t + 16. Suppose -7*x - 5 = -3*i - 3*x, -4*x = -4*i. Is z(i) a composite number?
True
Suppose 1526802 = 19*u + 55841. Is u composite?
False
Suppose 2*k = -b - 0*k - 259, -2*b - 3*k - 513 = 0. Let j = 140 - b. Is j a prime number?
True
Let l(p) = 371*p - 27. Let b be l(-6). Let j = b - -3650. Is j composite?
True
Is -10243*(-2)/7 + (-18)/(-42) composite?
False
Suppose -5*a - 9 = 1. Suppose 3*j - 494 = 8*j + 2*n, j + n = -100. Is (j/6)/(a/6) a prime number?
False
Suppose 5*a = 3*z - 7246, 3*z - 133*a - 7206 = -136*a. Is z composite?
True
Let z = 15 + -7. Let t(b) = -2*b**2 + 10*b + 9. Let p be t(z). Let d = p - -98. Is d prime?
True
Let j be 5/((-10)/(-53))*-58. Let y = -3937 - j. Is y/(-28) + (-8)/(-28) prime?
False
Suppose 5*u = 2824 + 501. Let w = -200 + 335. Suppose w = -5*b + u. Is b prime?
False
Let j = -7 + 14. Let u be -588*j/(112/(-12)). Suppose 0 = -4*m + 139 + u. Is m a composite number?
True
Suppose 2*w + 2*x - 3694 = 0, 2*w = -2*x + 4*x + 3694. Is w prime?
True
Let g(r) = 695*r**3 - 4*r**2 + 5*r + 3. Is g(2) a prime number?
True
Let j(d) be the second derivative of -26*d**3/3 - 4*d. Let i be j(-6). Suppose 2*z + 1258 = 4*b, -b = -z - 0*z - i. Is b a prime number?
T